{"id":236,"date":"2019-12-17T19:04:17","date_gmt":"2019-12-17T19:04:17","guid":{"rendered":"http:\/\/www.vhfdx.ro\/?page_id=236"},"modified":"2025-12-22T11:47:51","modified_gmt":"2025-12-22T11:47:51","slug":"banat-uhf-shf-2","status":"publish","type":"page","link":"https:\/\/www.vhfdx.ro\/index.php\/ro\/banat-uhf-shf-2\/","title":{"rendered":"Concursul Memorial YO2BCT ex BANAT UHF-SHF"},"content":{"rendered":"<div class=\"post-content\">\n<div class=\"wp-block-buttons is-layout-flex wp-block-buttons-is-layout-flex\">\n<div class=\"wp-block-button is-style-outline is-style-outline--1\"><a class=\"wp-block-button__link wp-element-button\" href=\"https:\/\/www.vhfdx.ro\/index.php\/ro\/banat-uhf-shf-2\/banat-uhf-shf-incarca-log\/\"><strong>\u00cencarc\u0103 Log<\/strong><\/a><\/div>\n\n\n\n<div class=\"wp-block-button is-style-outline is-style-outline--2\"><a class=\"wp-block-button__link wp-element-button\" href=\"https:\/\/www.vhfdx.ro\/index.php\/ro\/banat-uhf-shf-2\/loguri-primite-2020\/\"><strong>Loguri Primite<\/strong><\/a><\/div>\n\n\n\n<div class=\"wp-block-button is-style-outline is-style-outline--3\"><a class=\"wp-block-button__link wp-element-button\" href=\"https:\/\/www.vhfdx.ro\/index.php\/ro\/banat-uhf-shf-2\/banat-uhf-shf-rezultate-generale\/\"><strong>Rezultate Generale<\/strong><\/a><\/div>\n\n\n\n<div class=\"wp-block-button is-style-outline is-style-outline--4\"><a class=\"wp-block-button__link wp-element-button\" href=\"https:\/\/www.vhfdx.ro\/index.php\/ro\/banat-uhf-shf-2\/banat-uhf-shf-rezultate-yo\/\"><strong>Rezultate YO<\/strong><\/a><\/div>\n\n\n\n<div class=\"wp-block-button is-style-outline is-style-outline--5\"><a class=\"wp-block-button__link wp-element-button\" href=\"https:\/\/www.vhfdx.ro\/index.php\/ro\/banat-uhf-shf-2\/arhiva-rezultate\/\"><strong>Arhiv\u0103 rezultate<\/strong><\/a><\/div>\n<\/div>\n\n\n\n<h4 class=\"wp-block-heading\"><strong>Concursul Memorial YO2BCT ex BANAT UHF-SHF <\/strong><\/h4>\n\n\n\n<p>este continuatorul concursului <strong>Banat 432.&nbsp;<\/strong>Dezvoltarea comunica\u021biilor \u00een benzile mai sus de 432 Mhz \u00een YO ne-a determinat s\u0103 schimb\u0103m regulamentul concursului.<\/p>\n\n\n\n<h4 class=\"wp-block-heading\"><strong>Perioad<\/strong>\u0103:<\/h4>\n\n\n\n<p>Banat UHF-SHF se va desf\u0103\u0219ura \u00een paralel cu concursul IARU UHF\/SHF, \u00een primul weekend complet al lunii octombrie ;<\/p>\n\n\n\n<p>Pentru <strong>2026 3<\/strong><strong>-4 Octombrie<\/strong> de la 14.00 la 14.00 UTC<\/p>\n\n\n\n<h4 class=\"wp-block-heading\"><strong>Benzi<\/strong>:<\/h4>\n\n\n\n<p> 432MHz, 1296 MHz, 2320 MHz<\/p>\n\n\n\n<h4 class=\"wp-block-heading\"><strong>Moduri de lucru<\/strong>:<\/h4>\n\n\n\n<p> <strong>CW, SSB, FM<\/strong> pe segmentele de band\u0103 corespunz\u0103toare conform planului IARU Regiunea 1<\/p>\n\n\n\n<h4 class=\"wp-block-heading\"><strong>Categorii<\/strong>:<\/h4>\n\n\n\n<p> SO 70cm (432MHz) LP (&lt;50w)<\/p>\n\n\n\n<p> SO  70cm (432MHz) HP  (&gt;50w)<\/p>\n\n\n\n<p> MO 70cm (432MHz) regardless power <\/p>\n\n\n\n<p> SO  23 cm (1,2 GHz)<\/p>\n\n\n\n<p> MO&nbsp; 23 cm (1,2 GHz) <\/p>\n\n\n\n<p> SO&nbsp;&nbsp; 13 cm (2,3GHz)<\/p>\n\n\n\n<p> MO&nbsp; 13 cm (2,3GHz)<\/p>\n\n\n\n<p> Se accept\u0103 \u0219i loguri de control (CHECKLOG).  <\/p>\n\n\n\n<h4 class=\"wp-block-heading\"><strong>Controale<\/strong>:<\/h4>\n\n\n\n<p> RS(T) + 001(serial crescator) + WW QTH locator<\/p>\n\n\n\n<h4 class=\"wp-block-heading\"><strong>Punctaj<\/strong>: <\/h4>\n\n\n\n<p>1 km = 1 punct<\/p>\n\n\n\n<h4 class=\"wp-block-heading\"><strong>Scor<\/strong>: <\/h4>\n\n\n\n<p>Suma punctelor din leg\u0103turi, separat pe fiecare band\u0103<\/p>\n\n\n\n<h4 class=\"wp-block-heading\"><strong>Loguri<\/strong>: <\/h4>\n\n\n\n<p>Numai \u00een format .<strong>EDI<\/strong>, \u00een maxim <strong>10<\/strong> de zile dup\u0103 concurs, la sectiunea &#8220;<a href=\"https:\/\/www.vhfdx.ro\/index.php\/ro\/banat-uhf-shf-2\/banat-uhf-shf-incarca-log\/\"><strong>\u00cencarc\u0103 log<\/strong><\/a>&#8221; al concursului.  <\/p>\n\n\n\n<p>Se face c\u00e2te un fi\u0219ier EDI pentru fiecare band\u0103, iar numele fi\u0219ierului trebuie s\u0103 con\u021bin\u0103 indicativul \u0219i banda, de exemplu YO5AAA_P_432.edi. Preluare si corectitudinea lui poate fi verificat\u0103 in pagina <strong><a href=\"https:\/\/www.vhfdx.ro\/index.php\/ro\/banat-uhf-shf-2\/loguri-primite-2020\/\">Loguri Primite<\/a><\/strong><\/p>\n\n\n\n<p>La arbitrare se vor folosi \u0219i logurile disponibile ale sta\u021biilor participante la competi\u021biile organizate \u00een alte \u021b\u0103ri \u00een aceea\u0219i perioad\u0103.<\/p>\n\n\n\n<h4 class=\"wp-block-heading\"><strong>Clasamente\/premii:&nbsp;<\/strong><\/h4>\n\n\n\n<p>Se realizeaz\u0103 clasamente generale separate pentru fiecare categorie \u0219i band\u0103. Primii 3 clasa\u021bi primesc diplome \u0219i medalii.<\/p>\n\n\n\n<p>Deasemenea se realizeaz\u0103 clasamentul sta\u021biilor YO pentru fiecare categorie \u0219i band\u0103. <\/p>\n\n\n\n<p>Pentru clasamentul YO \u00een banda de 432 Mhz se ofer\u0103 Cupa BANAT UHF la categoriile SOLP, SOHP \u0219i MO (dac\u0103 la categoria respectiv\u0103 vor fi cel pu\u021bin 5 clasa\u021bi).<\/p>\n\n\n\n<h4 class=\"wp-block-heading\">Observa\u021bii:<\/h4>\n\n\n\n<p>La arbitrarea concursului vor fi folosite ca&nbsp;<strong>checklog<\/strong>&nbsp;toate logurile care se pot ob\u021bine de la managerii\/arbitrii concursurilor desf\u0103\u0219urate \u00een paralel.&nbsp;<strong>Leg\u0103turile cu sta\u021biile al c\u0103ror log nu a putut fi ob\u021binut de la ceilal\u021bi organizatori vor fi punctate astfel:<\/strong><\/p>\n\n\n\n<ul class=\"wp-block-list\">\n<li>zero puncte dac\u0103 leg\u0103tura este unic\u0103 (adic\u0103 sta\u021bia lucrat\u0103 nu se reg\u0103se\u0219te \u00een niciunul din celelalte loguri;<\/li>\n\n\n\n<li>dac\u0103 sta\u021bia lucrat\u0103 se reg\u0103se\u0219te \u00een alte loguri atunci leg\u0103tura va fi considerat\u0103 valid\u0103 dac\u0103:\n<ul class=\"wp-block-list\">\n<li>num\u0103rul serial recep\u021bionat este valid \u00een raport cu ora la care este declarat\u0103 leg\u0103tura;<\/li>\n\n\n\n<li>locatorul recep\u021bionat este identic cu cel recep\u021bionat de majoritatea sta\u021biilor care au lucrat indicativul respectiv.<\/li>\n<\/ul>\n<\/li>\n<\/ul>\n\n\n\n<p><strong>Exemple:<\/strong><\/p>\n\n\n\n<ul class=\"wp-block-list\">\n<li>sta\u021bia HA8XYZ apare \u00een 5 loguri primite. Dac\u0103 num\u0103rul serial recep\u021bionat de la HA8XYZ este \u00een ordine cresc\u0103toare \u00een raport cu ora (raportat\u0103 \u00een celelalte loguri) la care s-au efectuat leg\u0103turile, atunci leg\u0103tura este considerat\u0103 valid\u0103.<\/li>\n\n\n\n<li>Sta\u021bia HA8XYZ apare \u00een 10 loguri primite. \u00cen 8 loguri locatorul recep\u021bionat este KN06LN iar \u00een celelalte dou\u0103 loguri locatorul recep\u021bionat este diferit (ex. KN07LN). Sta\u021biile care au recep\u021bionat locatorul KN06LN vor fi considerate majoritare \u0219i li se va valida leg\u0103tura; sta\u021biile care au recep\u021bionat un locator diferit vor avea leg\u0103tura anulat\u0103 pe motiv de \u201clocator gre\u0219it\u201d.<\/li>\n<\/ul>\n\n\n\n<p>Nu se puncteaz\u0103 leg\u0103turile la care diferen\u021ba de timp este mai mare de 5 minute.<\/p>\n\n\n\n<p>Legatura se puncteaz\u0103 cu zero puncte (pentru o sta\u021bie), dac\u0103 con\u021bine una din urm\u0103toarele erori:&nbsp;<\/p>\n\n\n\n<ul class=\"wp-block-list\">\n<li>indicativ recep\u021bionat incorect<\/li>\n\n\n\n<li>num\u0103r serial recep\u021bionat incorect<\/li>\n\n\n\n<li>QTH locator recep\u021bionat incorect<\/li>\n<\/ul>\n\n\n\n<p>Asociatia QSO BANAT Timisoara &#8211; YO2KQT<\/p>\n<\/div>","protected":false},"excerpt":{"rendered":"<p>Concursul Memorial YO2BCT ex BANAT UHF-SHF este continuatorul concursului Banat<a href=\"https:\/\/www.vhfdx.ro\/index.php\/ro\/banat-uhf-shf-2\/\">Read More<i class=\"fa fa-long-arrow-right\" aria-hidden=\"true\"><\/i><\/a><\/p>\n","protected":false},"author":1,"featured_media":2431,"parent":0,"menu_order":0,"comment_status":"closed","ping_status":"closed","template":"","meta":{"footnotes":""},"class_list":["post-236","page","type-page","status-publish","has-post-thumbnail","hentry"],"_links":{"self":[{"href":"https:\/\/www.vhfdx.ro\/index.php\/wp-json\/wp\/v2\/pages\/236","targetHints":{"allow":["GET"]}}],"collection":[{"href":"https:\/\/www.vhfdx.ro\/index.php\/wp-json\/wp\/v2\/pages"}],"about":[{"href":"https:\/\/www.vhfdx.ro\/index.php\/wp-json\/wp\/v2\/types\/page"}],"author":[{"embeddable":true,"href":"https:\/\/www.vhfdx.ro\/index.php\/wp-json\/wp\/v2\/users\/1"}],"replies":[{"embeddable":true,"href":"https:\/\/www.vhfdx.ro\/index.php\/wp-json\/wp\/v2\/comments?post=236"}],"version-history":[{"count":18,"href":"https:\/\/www.vhfdx.ro\/index.php\/wp-json\/wp\/v2\/pages\/236\/revisions"}],"predecessor-version":[{"id":3683,"href":"https:\/\/www.vhfdx.ro\/index.php\/wp-json\/wp\/v2\/pages\/236\/revisions\/3683"}],"wp:featuredmedia":[{"embeddable":true,"href":"https:\/\/www.vhfdx.ro\/index.php\/wp-json\/wp\/v2\/media\/2431"}],"wp:attachment":[{"href":"https:\/\/www.vhfdx.ro\/index.php\/wp-json\/wp\/v2\/media?parent=236"}],"curies":[{"name":"wp","href":"https:\/\/api.w.org\/{rel}","templated":true}]}}