{"id":251,"date":"2019-12-17T19:52:39","date_gmt":"2019-12-17T19:52:39","guid":{"rendered":"http:\/\/www.vhfdx.ro\/?page_id=251"},"modified":"2025-12-22T11:45:26","modified_gmt":"2025-12-22T11:45:26","slug":"concursul-carpati-vhf","status":"publish","type":"page","link":"https:\/\/www.vhfdx.ro\/index.php\/ro\/concursul-carpati-vhf\/","title":{"rendered":"Concursul Carpa\u021bi VHF"},"content":{"rendered":"<div class=\"post-content\">\n<div class=\"wp-block-buttons is-layout-flex wp-block-buttons-is-layout-flex\">\n<div class=\"wp-block-button is-style-outline is-style-outline--1\"><a class=\"wp-block-button__link wp-element-button\" href=\"https:\/\/www.vhfdx.ro\/index.php\/ro\/concursul-carpati-vhf\/log-upload\/\"><strong>\u00cencarc\u0103 log<\/strong><\/a><\/div>\n\n\n\n<div class=\"wp-block-button is-style-outline is-style-outline--2\"><a class=\"wp-block-button__link wp-element-button\" href=\"https:\/\/www.vhfdx.ro\/index.php\/ro\/concursul-carpati-vhf\/concursul-carpati-vhf-loguri-primite\/\"><strong>Loguri Primite<\/strong><\/a><\/div>\n\n\n\n<div class=\"wp-block-button is-style-outline is-style-outline--3\"><a class=\"wp-block-button__link wp-element-button\" href=\"https:\/\/www.vhfdx.ro\/index.php\/ro\/concursul-carpati-vhf\/concursul-carpati-vhf-rezultate-generale\/\"><strong>Rezultate Generale<\/strong><\/a><\/div>\n\n\n\n<div class=\"wp-block-button is-style-outline is-style-outline--4\"><a class=\"wp-block-button__link wp-element-button\" href=\"https:\/\/www.vhfdx.ro\/index.php\/ro\/concursul-carpati-vhf\/concursul-carpati-vhf-rezultate-yo\/\"><strong>Rezultate YO<\/strong><\/a><\/div>\n\n\n\n<div class=\"wp-block-button is-style-outline is-style-outline--5\"><a class=\"wp-block-button__link wp-element-button\" href=\"https:\/\/www.vhfdx.ro\/index.php\/ro\/concursul-carpati-vhf\/consursul-carpati-vhf-arhiva-rezultate\/\"><strong>Arhiv\u0103 Rezultate<\/strong><\/a><\/div>\n<\/div>\n\n\n<p><!--StartFragment--><\/p>\n\n\n<h4 class=\"wp-block-heading\"><strong>Perioada<\/strong> :<\/h4>\n\n\n\n<p>Concursul VHF Carpati se va desf\u0103\u0219ura \u00een paralel cu concursul &#8220;Alpe Adria&#8221;, \u00een Duminica din primul weekend complet a lunii August, de la 06.00 UTC -13.59 UTC.<\/p>\n\n\n\n<p><strong>2026: 02 August<\/strong><\/p>\n\n\n\n<h4 class=\"wp-block-heading\"><strong>Band\u0103:<\/strong><\/h4>\n\n\n\n<p>   2 m \/144.025 \u2013 144.399 MHz <\/p>\n\n\n\n<h4 class=\"wp-block-heading\"><strong>Moduri de lucru<\/strong>:<\/h4>\n\n\n\n<p> CW, SSB  pe segmentele de band\u0103 corespunz\u0103toare conform planului IARU Regiunea 1<\/p>\n\n\n\n<p>Recomand\u0103ri IARU:<\/p>\n\n\n\n<ul class=\"wp-block-list\">\n<li>sta\u021bii cu putere mic\u0103: 144.350 MHz \u0219i mai sus<\/li>\n\n\n\n<li>sta\u021bii cu putere mare: 144.350 MHz \u0219i mai jos<\/li>\n<\/ul>\n\n\n\n<h4 class=\"wp-block-heading\"><strong>Categorii<\/strong>:<\/h4>\n\n\n\n<p>144 MHz, Putere mare (&gt;50w output)<br>144 MHz, Putere mic\u0103 (&lt;50w output) <\/p>\n\n\n\n<p>Se va creea \u0219i un clasament \u00een care sunt punctate doar leg\u0103turile CW. \u00cen acest clasament vor ap\u0103rea toate sta\u021biile care au cel pu\u021bin o leg\u0103tur\u0103 \u00een modul CW.<\/p>\n\n\n\n<h4 class=\"wp-block-heading\"><strong>Controale<\/strong>:<\/h4>\n\n\n\n<p> RS(T) + 001(serial cresc\u0103tor) + WW QTH locator<\/p>\n\n\n\n<h4 class=\"wp-block-heading\"><strong>Punctaj<\/strong>: <\/h4>\n\n\n\n<p>1 km = 1 punct<\/p>\n\n\n\n<h4 class=\"wp-block-heading\"><strong>Scor<\/strong>: <\/h4>\n\n\n\n<p>Suma punctelor din leg\u0103turi<\/p>\n\n\n\n<h4 class=\"wp-block-heading\"><strong>Loguri<\/strong>: <\/h4>\n\n\n\n<p>Numai \u00een format .<strong>EDI<\/strong>, \u00een maxim 15 de zile dup\u0103 concurs, in sectiunea &#8220;UPLOAD LOG&#8221; al concursului.<\/p>\n\n\n\n<p>Preluare si corectitudinea lui poate fi verificata in pagina <strong><a href=\"https:\/\/www.vhfdx.ro\/index.php\/ro\/concursul-carpati-vhf\/concursul-carpati-vhf-loguri-primite\/\">Loguri Primite<\/a><\/strong><\/p>\n\n\n\n<p>La arbitrare se vor folosi \u0219i logurile disponibile ale sta\u021biilor participante la competi\u021biile organizate \u00een alte \u021b\u0103ri \u00een aceea\u0219i  perioad\u0103.<\/p>\n\n\n\n<h4 class=\"wp-block-heading\"><strong>Clasamente\/premii:&nbsp;<\/strong><\/h4>\n\n\n\n<p>Se realizeaz\u0103 clasamente generale separate pentru fiecare categorie \u0219i band\u0103. Primii 3 clasa\u021bi primesc diplome.<\/p>\n\n\n\n<p>Deasemenea  se realizeaz\u0103 clasamentul sta\u021biilor YO pentru fiecare categorie \u0219i  band\u0103. <\/p>\n\n\n\n<p>Asocia\u021bia QSO BANAT Timisoara \u2013 YO2KQT<\/p>\n\n\n<p><!--EndFragment--><\/p><\/div>","protected":false},"excerpt":{"rendered":"<p>Perioada : Concursul VHF Carpati se va desf\u0103\u0219ura \u00een paralel<a href=\"https:\/\/www.vhfdx.ro\/index.php\/ro\/concursul-carpati-vhf\/\">Read More<i class=\"fa fa-long-arrow-right\" aria-hidden=\"true\"><\/i><\/a><\/p>\n","protected":false},"author":1,"featured_media":1306,"parent":0,"menu_order":0,"comment_status":"closed","ping_status":"closed","template":"","meta":{"footnotes":""},"class_list":["post-251","page","type-page","status-publish","has-post-thumbnail","hentry"],"_links":{"self":[{"href":"https:\/\/www.vhfdx.ro\/index.php\/wp-json\/wp\/v2\/pages\/251","targetHints":{"allow":["GET"]}}],"collection":[{"href":"https:\/\/www.vhfdx.ro\/index.php\/wp-json\/wp\/v2\/pages"}],"about":[{"href":"https:\/\/www.vhfdx.ro\/index.php\/wp-json\/wp\/v2\/types\/page"}],"author":[{"embeddable":true,"href":"https:\/\/www.vhfdx.ro\/index.php\/wp-json\/wp\/v2\/users\/1"}],"replies":[{"embeddable":true,"href":"https:\/\/www.vhfdx.ro\/index.php\/wp-json\/wp\/v2\/comments?post=251"}],"version-history":[{"count":26,"href":"https:\/\/www.vhfdx.ro\/index.php\/wp-json\/wp\/v2\/pages\/251\/revisions"}],"predecessor-version":[{"id":3679,"href":"https:\/\/www.vhfdx.ro\/index.php\/wp-json\/wp\/v2\/pages\/251\/revisions\/3679"}],"wp:featuredmedia":[{"embeddable":true,"href":"https:\/\/www.vhfdx.ro\/index.php\/wp-json\/wp\/v2\/media\/1306"}],"wp:attachment":[{"href":"https:\/\/www.vhfdx.ro\/index.php\/wp-json\/wp\/v2\/media?parent=251"}],"curies":[{"name":"wp","href":"https:\/\/api.w.org\/{rel}","templated":true}]}}